-4*s - 4*a + 56 = 0. What is the units digit of s?
8
Let a = 4 - 1. Suppose 0 = 2*s - 5*y - 10 - 45, -a*y + 55 = s. Suppose -5*g = -7*g + s. What is the tens digit of g?
2
Let w be (1 + 4/(-8))*8. Suppose 4*t + w*c = 12, -t + 3*c + 2*c = -15. Suppose 5*z - 15 = t. What is the units digit of z?
4
Let j be 370/10 + 9/(-12)*-4. Let s be (-30)/(-4)*(-1 - 1). Let l = j + s. What is the tens digit of l?
2
What is the units digit of ((-15)/(-12))/((-2)/(-416))?
0
Let l(f) = f + 12. Let n be l(0). Suppose -1 - n = g. Let o = 2 - g. What is the tens digit of o?
1
Suppose -23*n + 16*n + 182 = 0. What is the tens digit of n?
2
Let i(c) = -c**2 + 8*c - 11. Let n(r) be the first derivative of 2*r**2 - 2*r - 6. Let w be n(2). What is the units digit of i(w)?
1
Let l(b) = -b**2 - b + 9. Let z be l(5). Let u(q) = -4*q - 31. What is the units digit of u(z)?
3
Suppose 45*m - 2001 = -4*g + 42*m, 2*g - 5*m = 1007. What is the tens digit of g?
0
Let x(i) be the first derivative of -i**3/3 + 10*i**2 - 4*i + 18. What is the units digit of x(10)?
6
Let w(b) = -b**3 + 2*b**2 + 3*b + 1. Let g be w(4). Let s(a) = 2*a - 112. Let z be s(24). Let o = g - z. What is the units digit of o?
5
Let j be 1 + 20 - 0/(-3). Suppose s - j = -7. What is the units digit of s?
4
Let i(l) = -l**3 - 10*l**2 - 4*l + 23. What is the hundreds digit of i(-11)?
1
Let h = -39 - -15. Let d be 16/h - (-4)/6. Suppose d = -2*s + 2*i - 29 + 89, 5*s - 200 = -5*i. What is the tens digit of s?
3
Let x = -734 + 1651. What is the tens digit of x?
1
What is the thousands digit of 1494/332*892*1?
4
What is the tens digit of (-20)/6*(-5676)/110 - -4?
7
Suppose 0 = -3197*t + 3196*t + 167. What is the tens digit of t?
6
Let j be 3/9*(474 + 0). Suppose -4*m = -0*d - 3*d - 162, 4*m - j = 5*d. Suppose 0*z = -3*z + m. What is the tens digit of z?
1
Let r be ((-142)/(-5))/((-3)/(-45)*-3). Let g = -81 - r. What is the units digit of g?
1
Let v(p) = 34*p - 24. What is the tens digit of v(13)?
1
Let s(y) = -y**2 + 10*y + 14. Suppose -6 = -4*q + 3*j + 39, 3*q - 5*j = 42. Let n = q + -1. What is the tens digit of s(n)?
3
Let c = 2102 + -1031. What is the thousands digit of c?
1
Suppose -2*i - 7 = 5*y - 23, -20 = -5*y. What is the units digit of (18/(-18))/(i/12)?
6
Let t(z) = 71*z**3 + 11*z**2 + z + 7. What is the units digit of t(3)?
6
Let y(w) = -w**2 - 11*w + 18. Let q be y(-12). Suppose -4*c + q = -114. What is the units digit of c?
0
Suppose -v + 0*v + 9 = 0. Let g be v/(-15) - 3339/35. What is the tens digit of (-2)/(-6) - g/9?
1
Suppose -79*q = -89*q + 1780. What is the hundreds digit of q?
1
Suppose -4*j + 119 = -3*x + j, 2*x + 96 = -5*j. Let w = -19 - x. What is the units digit of w?
4
Let w(c) = c**3 + 7*c**2 - 2*c - 10. Let l be 1 + 3/(6/(-14)). Let m be w(l). Suppose -m = -2*j - 3*t, 2*j = -5*t - 11 + 53. What is the units digit of j?
6
Let j(n) = -n - 5. Let y be 3 + -5 - 95/5. What is the units digit of j(y)?
6
Suppose -146*r + 141*r + 5545 = 0. What is the hundreds digit of r?
1
Suppose -2*z + 7 = 3*x, -5*z + x + 0 = -9. Suppose -v = -0*v + 4*g - 15, -3*v + z*g + 17 = 0. What is the units digit of v?
7
Let s(g) = g**2 - 2*g - 12. Let z be s(9). Suppose 0 = -5*h + u + z, 44 = 4*h + 2*u - 6*u. What is the units digit of h?
0
Let y(f) = -f - 1. Let t be y(-1). Let c(q) = -181*q**2 + q + 182*q**2 + 69 - q. What is the tens digit of c(t)?
6
Let t(j) = 5*j**3 - j**2 - 4*j + 21. What is the tens digit of t(7)?
5
Let h be 6/(-15) - (-4)/10. Suppose -3*z - 10 = 5*u, -z + u + 10 = -h*u. Suppose -4*b + z*b = 43. What is the tens digit of b?
4
Let s(t) = -24*t**3 + 2*t**2 + 3*t - 3. Let f be s(2). Let h = -89 - f. What is the tens digit of h?
9
Suppose -1620 = 5*p + 5*v, -4*v - v = -2*p - 676. What is the units digit of p/(-4) + 4 + -2?
4
Suppose 1462*b + 30793 = 1469*b. What is the thousands digit of b?
4
Suppose -5*s + m = -20, -m - 2*m = 15. Suppose -5*b - 214 = -2*y, 0*y + s*b = -2*y + 182. What is the tens digit of y?
9
Let x = -11 + 16. Suppose -18 = -4*a - f, -12 = -x*a + 2*f + 2*f. Suppose -2*r = -3*c - 15 - 4, a*c = 3*r - 29. What is the units digit of r?
1
Let m = 6 + -6. Suppose m*j - 3 = -j. Suppose -a - 4 = -j*g - 57, -2*a = -5*g - 102. What is the units digit of a?
1
Let i(f) = -3*f + 33. Let g be i(0). Let x = 43 + g. What is the tens digit of x?
7
Let h(v) = v**2 + v + 230. Let k be h(0). Suppose 4*n - k = -n. What is the tens digit of (n - -2) + 3 + -1?
5
Let f be 1*-3 - (-9)/3. Suppose -3*s + 8*s = f. Suppose -91 = -5*p - 3*c + 5*c, s = p - c - 17. What is the tens digit of p?
1
Suppose -2*n - 3 = a, n = -4*a + 3*a - 1. Let q(o) be the second derivative of 8*o**3/3 - o. What is the tens digit of q(a)?
1
Let b(u) = 15*u + 159. What is the hundreds digit of b(27)?
5
Let i be (-8)/(-3)*(0 - (-41988)/16). What is the units digit of i/20 + 3/30?
0
Suppose 3*k - 3*u + 14 = -4, -10 = -5*k - 5*u. Let a be k/(-3) + (-22)/6. What is the units digit of (-2 - 8/a)*36?
4
Suppose t = -v - 2*t + 2, -10 = -v + 5*t. Suppose -4*z - 54 - 148 = -2*y, -v*z + 460 = 5*y. What is the units digit of y?
5
Let m(d) = d + 12. Let f be m(-9). Suppose o - f = -5. Let r = o - -3. What is the units digit of r?
1
Let p(t) = 1 + 0 + 2*t**2 - 7 + t. Let f(d) = d**2 + 2*d - 5. Let y(r) = -3*f(r) + 2*p(r). What is the units digit of y(5)?
8
Suppose n - 46 = 3*p, 3*p + n = -n - 43. Let c = 27 + p. What is the tens digit of c?
1
Let m = -1033 + 1904. What is the units digit of m?
1
Suppose -2*y - 31 + 33 = 0. Suppose 2*h - 85 = y. What is the tens digit of h?
4
Suppose -189 = a - 5*f, 0 = -3*a - 0*f + f - 609. What is the tens digit of (-65)/15*a/(-2 - -6)?
2
Let v(q) = q**3 - 13*q**2 + 11*q + 14. Let j be v(12). Suppose 0*a + 2 = j*a. Suppose -2*g - 3 = -5, 3*i - 2*g - a = 0. What is the units digit of i?
1
Suppose 2*c - 4*h = 26, -3*h - 7 = c - 35. Suppose 1136 = -c*x + 23*x. What is the tens digit of x?
8
Let w be (-10)/(-3*(-4)/(-36)). Let m = 25 + w. What is the units digit of m?
5
Suppose -j = -3*j + 4. Suppose j*h - 4 = 10. Suppose h*n + 154 = 609. What is the units digit of n?
5
Let p be 0 + -4 + 42/6. Let g be (-3)/(3*p/(-6)). Suppose -3*m + 10 = 6*a - g*a, -2*a - 34 = -5*m. What is the units digit of m?
6
Suppose -31*i = -29*i - h - 582, -4*i + h = -1168. What is the tens digit of i?
9
Suppose 558 + 390 = 4*j. Let f = j - 163. What is the units digit of f?
4
Suppose 0 = -5*f + 5*r + 20, -4*f + 14 = -2*r - 0*r. Suppose 0 = -f*a + 7*a - 232. What is the units digit of a?
8
Suppose 3*d + 25 + 134 = 0. Let c = d + 129. Suppose -f - 17 = -q, -5*f - c = -5*q - 3*f. What is the units digit of q?
4
Suppose 0 = -5*s + 5*y + 18495, 4*s - 6*y = -3*y + 14795. What is the tens digit of s?
9
Let c = 1837 + -1261. Suppose 28*v = 31*v - c. What is the tens digit of v?
9
Suppose -16*y + 10*y = -1488. What is the units digit of y?
8
Suppose -2*p = p + 12. Let g be p/(4/6 - 1). Suppose -n + g = -23. What is the tens digit of n?
3
Let m(w) = w**2 + 5*w + 12. Let t = -38 - -38. Suppose 4*f + t*f = -32. What is the units digit of m(f)?
6
Let h = -528 - -1315. What is the tens digit of h?
8
Let u(m) = 2*m**2 - 6*m + 6. Let r be u(8). Suppose -2*l + 0*l - r = -i, 0 = -4*i + 3*l + 339. Suppose -3*j = j - i. What is the tens digit of j?
2
Let o(a) = a - 27. Let z(p) = 2*p - 28. Let i(h) = 5*o(h) - 4*z(h). Suppose 0 = -89*u + 100*u + 88. What is the units digit of i(u)?
1
Suppose 18*r = 13*r - 200. Let s be (0 - 32)*r/32. Suppose s*c - 37*c = 168. What is the units digit of c?
6
Let a be (-3)/(18/(-149)) + 19/114. Let g(o) = 51*o - 1. Let j be g(2). Let q = j - a. What is the tens digit of q?
7
Let k be (4 - -300) + (-4)/1. What is the units digit of 12/(-28) + k/14?
1
Suppose -5*w = 498 + 97. Let j = -62 - w. Suppose 0 = 5*v - 88 - j. What is the units digit of v?
9
Suppose 4 + 10 = -p. Let r be 28/6*(-12)/p. Suppose u - r*u + 114 = 0. What is the tens digit of u?
3
Suppose -123 - 252 = -5*a. Suppose -4*o + y = -169, -2*y = -3*o - o + 170. Let k = a - o. What is the tens digit of k?
3
What is the units digit of -8 + -5*(-8)/160*12188?
9
Let w(l) be the second derivative of 0 + 1/2*l**4 - l**2 + 1/6*l**3 + 6*l. What is the tens digit of w(-2)?
2
Suppose -2*b + 4*k = -40, 2*b + 75 = 7*b - 5*k. Suppose -4*y - 438 = -b*y. What is the units digit of y?